{"id":1925,"date":"2016-04-18T09:32:48","date_gmt":"2016-04-18T08:32:48","guid":{"rendered":"https:\/\/tjsokolkoberice.cz\/?page_id=1925"},"modified":"2025-11-27T16:17:29","modified_gmt":"2025-11-27T15:17:29","slug":"sezona-1990-1991","status":"publish","type":"page","link":"https:\/\/tjsokolkoberice.cz\/?page_id=1925","title":{"rendered":"Sez\u00f3na 1990-1991"},"content":{"rendered":"<p style=\"text-align: justify; padding-left: 30px;\"><span style=\"font-family: arial,helvetica,sans-serif; font-size: 12pt;\">V sout\u011b\u017en\u00edm ro\u010dn\u00edku 1990-1991 n\u00e1m p\u0159ibyl op\u011bt dal\u0161\u00ed presti\u017en\u00ed soupe\u0159. Po deseti letech jsme se op\u011bt utkali v mistrovsk\u00e9m utk\u00e1n\u00ed s celkem Hn\u011bvo\u0161ic. Stalo se tak v 9. kole, kdy jsme tohoto soupe\u0159e p\u0159iv\u00edtali na na\u0161em h\u0159i\u0161ti. Soupe\u0159e jsme vysoko porazili 4:0 brankami Romana Stuchl\u00edka, jen\u017e se trefil dvakr\u00e1t a Jaroslava Kocura a ing. Radima Kotaly, kter\u00fd k n\u00e1m p\u0159estoupil z Pust\u00e9 Polomi. Na\u0161im se p\u0159\u00edli\u0161 v t\u00e9to sez\u00f3n\u011b neda\u0159ilo. Udr\u017eovali jsme se st\u00e1le ve druh\u00e9 polovin\u011b tabulky a dokonce jsme za\u010dali prohr\u00e1vat i doma. Po podzimn\u00ed \u010d\u00e1sti jsme skon\u010dili na 10. m\u00edst\u011b se ziskem 10 bod\u016f. V dom\u00e1c\u00edm prost\u0159ed\u00ed jsme vyhr\u00e1li jen dv\u011b utk\u00e1n\u00ed a \u010dty\u0159ikr\u00e1t prohr\u00e1li. Stalo se to v utk\u00e1n\u00edch s Velk\u00fdmi Ho\u0161ticemi (2:4), s Hrabovou (0:2), s Opavou B (0:2) a s Hlu\u010d\u00ednem (0:1). Div\u00e1ci tedy spokojeni moc nebyli. Jarn\u00ed \u010d\u00e1st jsme zah\u00e1jili v dom\u00e1c\u00edm prost\u0159ed\u00ed s celkem Kr\u00e1sn\u00e9ho Pole, kter\u00fd jsme porazili brankou Vratislava \u0160r\u00e1ma. To n\u00e1m bilanci postaven\u00ed v tabulce m\u00edrn\u011b zlep\u0161ilo. Dokonce jsme dok\u00e1zali zv\u00edt\u011bzit i v Hrabov\u00e9 op\u011bt brankou Vratislav \u0160r\u00e1ma. Bylo to na\u0161e prvn\u00ed v\u00edt\u011bzstv\u00ed ze h\u0159i\u0161t\u011b soupe\u0159e v t\u00e9to sez\u00f3n\u011b. To druh\u00e9 jsme z\u00edskali na h\u0159i\u0161ti v Hn\u011bvo\u0161ic\u00edch, kde vs\u00edtili na\u0161e v\u00edt\u011bzn\u00e9 branky Kotala a Jur\u010dek. Neda\u0159ilo se n\u00e1m ale proti Bolatic\u00edm. Na podzim jsme v Bolatic\u00edch sice uhr\u00e1li rem\u00edzu 2:2, ale v dom\u00e1c\u00edm prost\u0159ed\u00ed n\u00e1s tento soupe\u0159 porazil 1:2.<\/span><\/p>\n<p style=\"text-align: justify; padding-left: 30px;\"><span style=\"font-family: arial,helvetica,sans-serif; font-size: 12pt;\">Celkov\u011b jsme se v sez\u00f3n\u011b 1990-1991 um\u00edstili na 9. m\u00edst\u011b s 24 body. Zv\u00edt\u011bzilo mu\u017estvo Velk\u00fdch Ho\u0161tic, kter\u00e9 n\u00e1s v posledn\u00edm utk\u00e1n\u00ed sez\u00f3ny porazilo 2:0 a mohlo tak se sv\u00fdmi fanou\u0161ky slavit vynikaj\u00edc\u00ed \u00fasp\u011bch.<\/span><\/p>\n<p style=\"text-align: justify; padding-left: 30px;\"><span style=\"font-family: arial,helvetica,sans-serif; font-size: 12pt;\"><strong>Tabulka sout\u011b\u017ee I. A t\u0159\u00eddy sez\u00f3ny 1990-1991<\/strong><\/span><\/p>\n<table>\n<tbody>\n<tr>\n<td>1.<\/td>\n<td>Velk\u00e9 Ho\u0161tice<\/td>\n<td>16<\/td>\n<td>4<\/td>\n<td>6<\/td>\n<td>44<\/td>\n<td>:<\/td>\n<td>23<\/td>\n<td>36<\/td>\n<\/tr>\n<tr>\n<td>2.<\/td>\n<td>Mari\u00e1nsk\u00e9 Hory<\/td>\n<td>15<\/td>\n<td>5<\/td>\n<td>6<\/td>\n<td>55<\/td>\n<td>:<\/td>\n<td>33<\/td>\n<td>35<\/td>\n<\/tr>\n<tr>\n<td>3.<\/td>\n<td>Hlu\u010d\u00edn<\/td>\n<td>12<\/td>\n<td>8<\/td>\n<td>6<\/td>\n<td>40<\/td>\n<td>:<\/td>\n<td>21<\/td>\n<td>32<\/td>\n<\/tr>\n<tr>\n<td>4.<\/td>\n<td>Bolatice<\/td>\n<td>11<\/td>\n<td>8<\/td>\n<td>7<\/td>\n<td>36<\/td>\n<td>:<\/td>\n<td>30<\/td>\n<td>30<\/td>\n<\/tr>\n<tr>\n<td>5.<\/td>\n<td>Opava B<\/td>\n<td>13<\/td>\n<td>3<\/td>\n<td>10<\/td>\n<td>44<\/td>\n<td>:<\/td>\n<td>38<\/td>\n<td>29<\/td>\n<\/tr>\n<tr>\n<td>6.<\/td>\n<td>\u010cSAD Hav\u00ed\u0159ov<\/td>\n<td>11<\/td>\n<td>6<\/td>\n<td>9<\/td>\n<td>36<\/td>\n<td>:<\/td>\n<td>30<\/td>\n<td>28<\/td>\n<\/tr>\n<tr>\n<td>7.<\/td>\n<td>Kr\u00e1sn\u00e9 Pole<\/td>\n<td>9<\/td>\n<td>10<\/td>\n<td>7<\/td>\n<td>39<\/td>\n<td>:<\/td>\n<td>33<\/td>\n<td>28<\/td>\n<\/tr>\n<tr>\n<td>8.<\/td>\n<td>Hrabov\u00e1<\/td>\n<td>11<\/td>\n<td>5<\/td>\n<td>10<\/td>\n<td>40<\/td>\n<td>:<\/td>\n<td>35<\/td>\n<td>27<\/td>\n<\/tr>\n<tr>\n<td><strong>9.<\/strong><\/td>\n<td><strong>Kobe\u0159ice<\/strong><\/td>\n<td><strong>8<\/strong><\/td>\n<td><strong>8<\/strong><\/td>\n<td><strong>10<\/strong><\/td>\n<td><strong>34<\/strong><\/td>\n<td><strong>:<\/strong><\/td>\n<td><strong>38<\/strong><\/td>\n<td><strong>24<\/strong><\/td>\n<\/tr>\n<tr>\n<td>10.<\/td>\n<td>Jiskra Hru\u0161ov<\/td>\n<td>7<\/td>\n<td>8<\/td>\n<td>11<\/td>\n<td>29<\/td>\n<td>:<\/td>\n<td>40<\/td>\n<td>22<\/td>\n<\/tr>\n<tr>\n<td>11.<\/td>\n<td>Slovan Ostrava<\/td>\n<td>6<\/td>\n<td>10<\/td>\n<td>10<\/td>\n<td>32<\/td>\n<td>:<\/td>\n<td>44<\/td>\n<td>22<\/td>\n<\/tr>\n<tr>\n<td>12.<\/td>\n<td>Bohum\u00edn B<\/td>\n<td>6<\/td>\n<td>8<\/td>\n<td>12<\/td>\n<td>25<\/td>\n<td>:<\/td>\n<td>33<\/td>\n<td>20<\/td>\n<\/tr>\n<tr>\n<td>13.<\/td>\n<td>Hn\u011bvo\u0161ice<\/td>\n<td>6<\/td>\n<td>7<\/td>\n<td>13<\/td>\n<td>36<\/td>\n<td>:<\/td>\n<td>56<\/td>\n<td>19<\/td>\n<\/tr>\n<tr>\n<td>14.<\/td>\n<td>Kun\u010di\u010dky<\/td>\n<td>3<\/td>\n<td>6<\/td>\n<td>17<\/td>\n<td>31<\/td>\n<td>:<\/td>\n<td>67<\/td>\n<td>12<\/td>\n<\/tr>\n<\/tbody>\n<\/table>\n","protected":false},"excerpt":{"rendered":"<p>V sout\u011b\u017en\u00edm ro\u010dn\u00edku 1990-1991 n\u00e1m p\u0159ibyl op\u011bt dal\u0161\u00ed presti\u017en\u00ed soupe\u0159. Po deseti letech jsme se op\u011bt utkali v mistrovsk\u00e9m utk\u00e1n\u00ed s celkem Hn\u011bvo\u0161ic. Stalo se tak<span class=\"excerpt-hellip\"> [\u2026]<\/span><\/p>\n","protected":false},"author":3,"featured_media":0,"parent":311,"menu_order":0,"comment_status":"closed","ping_status":"closed","template":"","meta":{"ngg_post_thumbnail":0,"footnotes":""},"class_list":["post-1925","page","type-page","status-publish","hentry"],"_links":{"self":[{"href":"https:\/\/tjsokolkoberice.cz\/index.php?rest_route=\/wp\/v2\/pages\/1925","targetHints":{"allow":["GET"]}}],"collection":[{"href":"https:\/\/tjsokolkoberice.cz\/index.php?rest_route=\/wp\/v2\/pages"}],"about":[{"href":"https:\/\/tjsokolkoberice.cz\/index.php?rest_route=\/wp\/v2\/types\/page"}],"author":[{"embeddable":true,"href":"https:\/\/tjsokolkoberice.cz\/index.php?rest_route=\/wp\/v2\/users\/3"}],"replies":[{"embeddable":true,"href":"https:\/\/tjsokolkoberice.cz\/index.php?rest_route=%2Fwp%2Fv2%2Fcomments&post=1925"}],"version-history":[{"count":2,"href":"https:\/\/tjsokolkoberice.cz\/index.php?rest_route=\/wp\/v2\/pages\/1925\/revisions"}],"predecessor-version":[{"id":1927,"href":"https:\/\/tjsokolkoberice.cz\/index.php?rest_route=\/wp\/v2\/pages\/1925\/revisions\/1927"}],"up":[{"embeddable":true,"href":"https:\/\/tjsokolkoberice.cz\/index.php?rest_route=\/wp\/v2\/pages\/311"}],"wp:attachment":[{"href":"https:\/\/tjsokolkoberice.cz\/index.php?rest_route=%2Fwp%2Fv2%2Fmedia&parent=1925"}],"curies":[{"name":"wp","href":"https:\/\/api.w.org\/{rel}","templated":true}]}}