{"id":7006,"date":"2020-10-21T19:10:46","date_gmt":"2020-10-21T18:10:46","guid":{"rendered":"https:\/\/tjsokolkoberice.cz\/?page_id=7006"},"modified":"2020-12-15T14:33:43","modified_gmt":"2020-12-15T13:33:43","slug":"kobericke-behy-2021-2","status":"publish","type":"page","link":"https:\/\/tjsokolkoberice.cz\/?page_id=7006","title":{"rendered":"Kobe\u0159ick\u00e9 b\u011bhy 2021"},"content":{"rendered":"<a href=\"https:\/\/tjsokolkoberice.cz\/wp-content\/uploads\/2020\/12\/Kobe\u0159ick\u00e9-b\u011bhy-2021-A4-ZB-zru\u0161en.pdf\" class=\"pdfemb-viewer\" style=\"\" data-width=\"max\" data-height=\"max\" data-toolbar=\"both\" data-toolbar-fixed=\"on\">Kobe\u0159ick\u00e9-b\u011bhy-2021-A4-ZB-zru\u0161en<\/a>\n<p class=\"wp-block-pdfemb-pdf-embedder-viewer\"><\/p>\n","protected":false},"excerpt":{"rendered":"","protected":false},"author":3,"featured_media":0,"parent":0,"menu_order":0,"comment_status":"closed","ping_status":"closed","template":"","meta":{"ngg_post_thumbnail":0,"footnotes":""},"class_list":["post-7006","page","type-page","status-publish","hentry"],"_links":{"self":[{"href":"https:\/\/tjsokolkoberice.cz\/index.php?rest_route=\/wp\/v2\/pages\/7006","targetHints":{"allow":["GET"]}}],"collection":[{"href":"https:\/\/tjsokolkoberice.cz\/index.php?rest_route=\/wp\/v2\/pages"}],"about":[{"href":"https:\/\/tjsokolkoberice.cz\/index.php?rest_route=\/wp\/v2\/types\/page"}],"author":[{"embeddable":true,"href":"https:\/\/tjsokolkoberice.cz\/index.php?rest_route=\/wp\/v2\/users\/3"}],"replies":[{"embeddable":true,"href":"https:\/\/tjsokolkoberice.cz\/index.php?rest_route=%2Fwp%2Fv2%2Fcomments&post=7006"}],"version-history":[{"count":2,"href":"https:\/\/tjsokolkoberice.cz\/index.php?rest_route=\/wp\/v2\/pages\/7006\/revisions"}],"predecessor-version":[{"id":7050,"href":"https:\/\/tjsokolkoberice.cz\/index.php?rest_route=\/wp\/v2\/pages\/7006\/revisions\/7050"}],"wp:attachment":[{"href":"https:\/\/tjsokolkoberice.cz\/index.php?rest_route=%2Fwp%2Fv2%2Fmedia&parent=7006"}],"curies":[{"name":"wp","href":"https:\/\/api.w.org\/{rel}","templated":true}]}}