{"id":7916,"date":"2023-09-14T11:34:45","date_gmt":"2023-09-14T10:34:45","guid":{"rendered":"https:\/\/tjsokolkoberice.cz\/?page_id=7916"},"modified":"2023-09-14T11:34:45","modified_gmt":"2023-09-14T10:34:45","slug":"kobericke-behy-2023","status":"publish","type":"page","link":"https:\/\/tjsokolkoberice.cz\/?page_id=7916","title":{"rendered":"Kobe\u0159ick\u00e9 b\u011bhy 2023"},"content":{"rendered":"<p><img loading=\"lazy\" decoding=\"async\" class=\"aligncenter wp-image-7917 size-large\" src=\"https:\/\/tjsokolkoberice.cz\/wp-content\/uploads\/2023\/09\/Kobericka-dvacitka-2023-724x1024.jpg\" alt=\"\" width=\"724\" height=\"1024\" srcset=\"https:\/\/tjsokolkoberice.cz\/wp-content\/uploads\/2023\/09\/Kobericka-dvacitka-2023-724x1024.jpg 724w, https:\/\/tjsokolkoberice.cz\/wp-content\/uploads\/2023\/09\/Kobericka-dvacitka-2023-212x300.jpg 212w, https:\/\/tjsokolkoberice.cz\/wp-content\/uploads\/2023\/09\/Kobericka-dvacitka-2023-768x1086.jpg 768w, https:\/\/tjsokolkoberice.cz\/wp-content\/uploads\/2023\/09\/Kobericka-dvacitka-2023-1086x1536.jpg 1086w, https:\/\/tjsokolkoberice.cz\/wp-content\/uploads\/2023\/09\/Kobericka-dvacitka-2023-1448x2048.jpg 1448w, https:\/\/tjsokolkoberice.cz\/wp-content\/uploads\/2023\/09\/Kobericka-dvacitka-2023-scaled.jpg 1810w\" sizes=\"auto, (max-width:767px) 480px, 724px\" \/> <img loading=\"lazy\" decoding=\"async\" class=\"aligncenter wp-image-7918 size-large\" src=\"https:\/\/tjsokolkoberice.cz\/wp-content\/uploads\/2023\/09\/Kobericky-pulmaraton-2023-685x1024.jpg\" alt=\"\" width=\"685\" height=\"1024\" srcset=\"https:\/\/tjsokolkoberice.cz\/wp-content\/uploads\/2023\/09\/Kobericky-pulmaraton-2023-685x1024.jpg 685w, https:\/\/tjsokolkoberice.cz\/wp-content\/uploads\/2023\/09\/Kobericky-pulmaraton-2023-201x300.jpg 201w, https:\/\/tjsokolkoberice.cz\/wp-content\/uploads\/2023\/09\/Kobericky-pulmaraton-2023-768x1148.jpg 768w, https:\/\/tjsokolkoberice.cz\/wp-content\/uploads\/2023\/09\/Kobericky-pulmaraton-2023-1028x1536.jpg 1028w, https:\/\/tjsokolkoberice.cz\/wp-content\/uploads\/2023\/09\/Kobericky-pulmaraton-2023.jpg 1217w\" sizes=\"auto, (max-width:767px) 480px, 685px\" \/> <img loading=\"lazy\" decoding=\"async\" class=\"aligncenter wp-image-7919 size-large\" src=\"https:\/\/tjsokolkoberice.cz\/wp-content\/uploads\/2023\/09\/Zimni-beh-2023-724x1024.jpg\" alt=\"\" width=\"724\" height=\"1024\" srcset=\"https:\/\/tjsokolkoberice.cz\/wp-content\/uploads\/2023\/09\/Zimni-beh-2023-724x1024.jpg 724w, https:\/\/tjsokolkoberice.cz\/wp-content\/uploads\/2023\/09\/Zimni-beh-2023-212x300.jpg 212w, https:\/\/tjsokolkoberice.cz\/wp-content\/uploads\/2023\/09\/Zimni-beh-2023-768x1086.jpg 768w, https:\/\/tjsokolkoberice.cz\/wp-content\/uploads\/2023\/09\/Zimni-beh-2023-1086x1536.jpg 1086w, https:\/\/tjsokolkoberice.cz\/wp-content\/uploads\/2023\/09\/Zimni-beh-2023-1448x2048.jpg 1448w, https:\/\/tjsokolkoberice.cz\/wp-content\/uploads\/2023\/09\/Zimni-beh-2023-scaled.jpg 1810w\" sizes=\"auto, (max-width:767px) 480px, 724px\" \/><\/p>\n","protected":false},"excerpt":{"rendered":"","protected":false},"author":3,"featured_media":0,"parent":0,"menu_order":0,"comment_status":"closed","ping_status":"closed","template":"","meta":{"ngg_post_thumbnail":0,"footnotes":""},"class_list":["post-7916","page","type-page","status-publish","hentry"],"_links":{"self":[{"href":"https:\/\/tjsokolkoberice.cz\/index.php?rest_route=\/wp\/v2\/pages\/7916","targetHints":{"allow":["GET"]}}],"collection":[{"href":"https:\/\/tjsokolkoberice.cz\/index.php?rest_route=\/wp\/v2\/pages"}],"about":[{"href":"https:\/\/tjsokolkoberice.cz\/index.php?rest_route=\/wp\/v2\/types\/page"}],"author":[{"embeddable":true,"href":"https:\/\/tjsokolkoberice.cz\/index.php?rest_route=\/wp\/v2\/users\/3"}],"replies":[{"embeddable":true,"href":"https:\/\/tjsokolkoberice.cz\/index.php?rest_route=%2Fwp%2Fv2%2Fcomments&post=7916"}],"version-history":[{"count":1,"href":"https:\/\/tjsokolkoberice.cz\/index.php?rest_route=\/wp\/v2\/pages\/7916\/revisions"}],"predecessor-version":[{"id":7920,"href":"https:\/\/tjsokolkoberice.cz\/index.php?rest_route=\/wp\/v2\/pages\/7916\/revisions\/7920"}],"wp:attachment":[{"href":"https:\/\/tjsokolkoberice.cz\/index.php?rest_route=%2Fwp%2Fv2%2Fmedia&parent=7916"}],"curies":[{"name":"wp","href":"https:\/\/api.w.org\/{rel}","templated":true}]}}